4. What is the remainder when g(3) is divided by (-2)/(-3) - m/(-84)?
10
Suppose 8*l - 6784 - 11411 = 581. What is the remainder when l is divided by 27?
25
Suppose 16 = -6*p + 160. Suppose 2*g + p = 6*g. What is the remainder when 8 is divided by ((-3)/g)/(1*(-2)/20)?
3
Suppose -10650 = -3*r + 14*r - 34333. What is the remainder when r is divided by 22?
19
Suppose 0 = -2*y + 12. Suppose -y*m + 12*m = 78. Let v(h) = h**3 - 13*h**2 + 21. What is the remainder when 37 is divided by v(m)?
16
Suppose -2*j + 3*q + 116 = 2*j, -82 = -3*j + q. Calculate the remainder when (0 + -10)*440/(-44) is divided by j.
22
Let i = -2528 - -2670. What is the remainder when i is divided by -2*(-11)/((-44)/(-72))?
34
Let z = -437 - -713. Let b = -257 + z. Suppose 4*h = -2*o + 2*h + 108, 0 = 4*o - h - 226. Calculate the remainder when o is divided by b.
18
Suppose -5*o + 195 = 70. Suppose o*a + 533 = 38*a. What is the remainder when a is divided by 28?
13
Suppose -40*r - 863 + 3223 = 0. Calculate the remainder when 1179 is divided by r.
58
Suppose 0 = -4*x - 38*j + 902, 36*x + 306 = 37*x - 2*j. What is the remainder when 513 is divided by x?
221
Suppose 0 = 4*q - 4*v - 908, 151*q + 3*v = 148*q + 663. Calculate the remainder when q is divided by 47.
36
Let a(m) = m**3 - 6*m**2 + 13*m + 9. Let z be a(7). Suppose 0 = 11*w - z - 291. What is the remainder when 76 is divided by w?
36
Let v = 7442 - 7324. Calculate the remainder when 1158 is divided by v.
96
Suppose 0 = 2*j - 5*t - 491, -410 = 5*j + 2*t - 1623. Let u = j + -197. What is the remainder when u is divided by 30?
16
Let w(g) = -27*g - 712. Calculate the remainder when 305 is divided by w(-27).
16
Suppose 28 = 7*p - 112. Calculate the remainder when (-215)/p*-4 + 0 is divided by 24.
19
Suppose -4*d - 4 = 3*r, 10*d + 79 = -18*d - 33. What is the remainder when (-98)/(-5) - 4/(-10) is divided by r?
0
Let i = 27 + 3. Let s(g) = 183*g - 229. What is the remainder when s(6) is divided by i?
29
Let r = 5184 - 5181. Calculate the remainder when 1218 is divided by r.
0
Let c(f) = -2*f**3 + 89*f**2 - 125*f - 124. What is the remainder when 5466 is divided by c(43)?
42
Suppose 2*h - 112 + 106 = 0. Suppose 0 = 5*p + h*p - 496. What is the remainder when p is divided by 13?
10
Suppose -4 = 3*v + 2, 4*d - 4*v = 72. Suppose -5*r + 9*r = 1720. Calculate the remainder when r is divided by d.
14
Let l(p) = 0 - 8*p**3 - 16*p**2 + 10*p**3 + 7*p - 2 + 3. Calculate the remainder when l(9) is divided by 46.
42
Let i(g) = -g**3 + 7*g**2 - g - 2. Suppose 5*a = 2*f - 658, -4*a - 5*f + 0*f - 500 = 0. Let z = a + 181. Calculate the remainder when z is divided by i(6).
23
Suppose -28 - 24 = -k. Suppose -3*b = -6, 5*a + 91*b = 93*b + 41. Calculate the remainder when k is divided by a.
7
Let y = 270046 - 270027. Suppose 174 = x - 4*b, -4*b + 0*b = x - 166. Suppose x = 3*o + 2*o. Calculate the remainder when o is divided by y.
15
Suppose -8*q = 32*q - 20680. Suppose 759 = 29*l - q. Suppose 0 = 2*t + t + 4*d - 503, -3*t - d = -515. What is the remainder when t is divided by l?
41
Let f = 124917 - 124536. What is the remainder when f is divided by 1/(-2) + (-111)/(-2)?
51
Suppose -k = 10*k - 176. Suppose -8 + 11 = m. Suppose m*z = -z - k, -2*l - 3*z + 8 = 0. Calculate the remainder when l is divided by 6.
4
Let z(y) = -2*y + 203. Suppose h = -0*h. What is the remainder when z(h) is divided by 52?
47
Suppose -25*t - 883*t = -58112. Calculate the remainder when t is divided by -2*2/4*-41.
23
Let f = -78 - -31. Suppose 0*m + 13 = m + 3*x, 4*m = 3*x + 67. Let a = m - f. What is the remainder when a is divided by 22?
19
Let o = 3846 + -3258. What is the remainder when o is divided by 59?
57
Let c = -24 - -9. Let f(q) = -4*q + 5. What is the remainder when f(-24) is divided by 13/(c/6 + 3)?
23
Suppose 28*b - 1771 = -7*b + 1589. Calculate the remainder when 11998 is divided by b.
94
Let j = 539 + -537. Suppose 2*t - f = 26, 2*t - j = -3*f + 16. Calculate the remainder when 62 is divided by t.
2
Let l(p) = p**2 + 4*p + 11. Let u be l(-2). Suppose 5*w = -u*w + 5592. Calculate the remainder when w is divided by 78.
76
Let l(o) = 19*o**2 + 7*o - 1. Suppose -5*x - 4*d + 3 = 0, 5*x + d = -d - 1. Calculate the remainder when 27 is divided by l(x).
5
Suppose 4*p = 3*p + 17. What is the remainder when p is divided by 1316/98 + (-40)/(-12)*36/210?
3
Let i be (-30)/(-195) - (-74)/26. Calculate the remainder when (-11)/(-22)*(119 + i) is divided by 16.
13
Suppose -62*c + 56*c + 570 = 0. Let d = -78 + c. Calculate the remainder when 50 is divided by d.
16
Let o = -1917 - -2043. Calculate the remainder when o is divided by 9.
0
Let b(c) = -c**2 + 11*c + 17. Let w be b(11). Suppose -4*d + w = -83. Calculate the remainder when 170/d*(-10)/(-4) is divided by 4.
1
Let w be (8 - -3)/(4/124*-1). Let y = 492 + w. What is the remainder when y is divided by 53?
45
Let v(w) = 7*w**2 - 5*w + 5. Let h be v(2). Let m(z) = z**2 - 22*z - 7. Calculate the remainder when 46 is divided by m(h).
14
Let w = -105 + 141. Suppose l + 10*d = 12*d + w, 0 = -5*l - 2*d + 168. What is the remainder when (202/6)/(6/18) is divided by l?
33
Let u be 4/(-3) - (-16)/3. Suppose -2*x + p + 10 + 15 = 0, 4*x = -u*p + 20. Calculate the remainder when 25 is divided by 6*x/6 + 3.
12
Suppose -2*h + 425 = 2*o + 419, 3*h = 5*o - 23. Calculate the remainder when 104 is divided by o.
0
Let g = -66 - -63. Let j = g + 5. Let n = 6 + j. Calculate the remainder when 30 is divided by n.
6
Let z = -14422 + 14569. Calculate the remainder when 881 is divided by z.
146
Suppose 3*p + 4*x + 41 = 0, -3*p + 3*x - 30 + 24 = 0. Let z(s) = s + 51. Calculate the remainder when 124 is divided by z(p).
36
Let j = 35 + -25. Let x = j - 16. What is the remainder when 20 is divided by 14*(-1 + (-9)/x)?
6
Let r be (2/(-5))/(10/(-100)). Let d be 22/(-88) - (-209)/r. Let q = d + -26. Calculate the remainder when q is divided by 9.
8
Suppose -2 = -c + 3*v, v - 47 = -2*c - 2*c. Suppose 2*i - 3*h - 5 = 41, 2*i - 4*h - 50 = 0. What is the remainder when i is divided by c?
6
Suppose -27*l = -26*l + 32. Let j = l - -34. Suppose 2*d - 241 = -f - 6, j = d. Calculate the remainder when f is divided by 39.
36
Calculate the remainder when -184*(-1 - -8 - 590/8) is divided by 71.
70
What is the remainder when 300 is divided by ((-182)/26 - -8)*(38 - 0)?
34
Let o = 979 + -531. What is the remainder when o is divided by 45?
43
Suppose 2*h = r - 212, 410 = 3*r - r + 3*h. What is the remainder when r is divided by ((-26)/65 + (-28)/(-20))/((-10)/(-110))?
10
Let s = 947 - 917. Let a(v) = 4*v - 84. Calculate the remainder when a(s) is divided by ((-1)/1 + 2)*19.
17
Let b = -137 - -172. Let k = -1214 + 1787. Suppose 5*l - 1443 = -k. Calculate the remainder when l is divided by b.
34
Suppose -6*j + 57 = 33. Suppose j*f = 5*o + 134, -4*o - 46 - 24 = -2*f. Suppose s = 1 + 4. What is the remainder when f is divided by s?
1
Let i be 18/81 + 33/(-27). Calculate the remainder when 50 is divided by i*(-19)/(-2)*(-96)/48.
12
Let f be 2/(-1) + 26 + 4. Let z = f - 25. Suppose 2*n = -5*h + 60, -z*h + 92 = 5*n - 5*h. What is the remainder when 59 is divided by n?
19
Suppose 5*p = -25, 3*w - 2*p - 157 = -0*w. Let s be -29 + (-2 + 6 - 2). Let r = s + w. What is the remainder when 41 is divided by r?
19
Let g(m) = m**3 + 7*m**2 - 6. Let r(c) = -18*c - 47 + 30*c - 8*c. Calculate the remainder when g(-6) is divided by r(13).
0
Let l = -34417 - -36847. What is the remainder when l is divided by 21?
15
Let p = 311 - 1017. Let z = 727 + p. Calculate the remainder when 174 is divided by z.
6
Let o be (-2 - (-32)/24) + (-287)/(-3). Let t = 117 - o. What is the remainder when 105 is divided by t?
17
Let w(i) = -54*i + 42. Let n be w(1). Suppose -g = -5*g + 84. Let v = g + n. Calculate the remainder when v is divided by 3.
0
Suppose -120*o + 27 = -1653. Calculate the remainder when 529 is divided by o.
11
Let k be 8/(-16)*1*6328/4. Let u = -774 - k. Calculate the remainder when 101/3 + 4/(-6) is divided by u.
16
Let i be ((-48)/(-32))/((-6)/(-3676)). Suppose 5*x - 1531 = 2*w, -3*x - 3*w + 4*w + i = 0. Calculate the remainder when x is divided by 31.
28
Let z(l) = l**3 + 50*l**2 + 82*l - 584. What is the remainder when z(-48) is divided by 87?
1
Let x = 257 - -180. Calcula